alculate v(-1).
-41
Let s(c) = -2723*c + 24. Calculate s(0).
24
Let z(k) = -110*k - 318. Calculate z(-3).
12
Let t(r) = -110*r + 922. Determine t(8).
42
Let y(w) = -2*w**3 + 11*w**2 + 43*w - 197. Calculate y(6).
25
Let j(k) = -k**3 - 12*k**2 - 51*k - 611. Calculate j(-12).
1
Let a(s) = -37*s - 727. Determine a(-21).
50
Let o(w) = 20640*w + 82559. Calculate o(-4).
-1
Let l(c) = -20*c - 100. Calculate l(-6).
20
Let f(t) = t**2 - 15*t - 105. Calculate f(21).
21
Let o(b) = -b**2 - b - 9. Give o(-8).
-65
Let z(y) = 2*y**3 + 21*y**2 - 16*y + 61. Give z(-10).
321
Let a(b) = -342*b + 963. What is a(4)?
-405
Let v(w) = -11*w - 120. Give v(-11).
1
Let i(q) = -38*q**2 - 1143*q - 88. What is i(-30)?
2
Let x(v) = 294*v - 1172. Calculate x(3).
-290
Let a(h) = -h**2 + 22*h - 79. Calculate a(27).
-214
Let l(p) = 47*p + 987. Give l(-15).
282
Let m(o) = -2*o**3 - 42*o**2 - 50*o - 17. What is m(-20)?
183
Let w(m) = 2*m**3 - 87*m**2 - 41*m - 116. Give w(44).
16
Let n(b) = -b**3 - 124*b**2 - 1792*b + 451. Calculate n(-17).
-8
Let z(q) = -q**3 + 14*q**2 + 48*q - 4. Give z(18).
-436
Let c(v) = -26*v**3 - v**2 - 9*v - 15. Calculate c(-2).
207
Let n(r) = -r**3 + 36*r**2 + 77*r + 44. What is n(38)?
82
Let z(b) = b**3 - 16*b**2 + 77*b - 952. Calculate z(15).
-22
Let i(n) = -2*n**3 - 8*n**2 + 24*n + 77. Calculate i(-5).
7
Let u(j) = 3*j**3 - 120*j**2 + 27*j - 93. Give u(40).
987
Let v(u) = 30*u + 670. Give v(-23).
-20
Let y(j) = -5*j**3 - 96*j**2 + 80*j + 57. Give y(-20).
57
Let y(q) = q**2 + 7*q - 987. Give y(-35).
-7
Let q(a) = -a**3 - 63*a**2 - 935*a + 48. Calculate q(-39).
9
Let b(q) = -3*q - 149. What is b(-41)?
-26
Let w(o) = 19*o**2 - 11*o - 94. Determine w(5).
326
Let t(o) = -o**2 + 37*o - 222. Give t(7).
-12
Let i(g) = 1763*g + 21164. Determine i(-12).
8
Let y(r) = 7*r - 240. Determine y(15).
-135
Let j(i) = -i**2 + 51*i - 247. Give j(47).
-59
Let n(x) = -x**2 - 11*x + 99. Determine n(8).
-53
Let f(i) = -6*i + 138. Calculate f(33).
-60
Let t(j) = 22*j + 334. Give t(-14).
26
Let k(c) = -c**3 + 33*c**2 - 53*c - 10. Give k(31).
269
Let f(a) = 34*a**2 - 23*a - 26. What is f(-1)?
31
Let u(h) = 69*h**2 + 474*h - 38. Give u(-7).
25
Let i(h) = -h**3 + 7*h**2 - 34*h + 30. Determine i(4).
-58
Let h(y) = 4*y**3 - 21*y**2 - 86*y - 19. Determine h(8).
-3
Let i(c) = -c**2 + 22*c - 17. Calculate i(7).
88
Let n(j) = 460*j + 44174. What is n(-96)?
14
Let z(a) = 2*a**3 + 11*a**2 - 5. What is z(-3)?
40
Let r(v) = 4*v**3 + 3*v**2 - 40*v + 16. Determine r(5).
391
Let s(b) = b**2 - 10*b. Calculate s(6).
-24
Let r(w) = -63*w - 119. Give r(-2).
7
Let a(n) = 441*n - 2652. Give a(6).
-6
Let t(j) = j**2 + 16*j + 165. Calculate t(-17).
182
Let r(m) = -22*m - 364. Calculate r(-14).
-56
Let a(x) = -x**3 - 70*x**2 - 136*x - 4515. Determine a(-69).
108
Let v(u) = 5*u**2 - 6*u - 54. Give v(-6).
162
Let w(m) = -m**2 - 3*m - 13. Give w(-2).
-11
Let f(u) = -11*u + 39. Give f(6).
-27
Let o(i) = 44*i + 1362. Give o(-31).
-2
Let q(b) = 13*b**2 + 4*b - 9. Calculate q(-4).
183
Let q(n) = 15*n**2 + 1156*n + 89. Determine q(-77).
12
Let r(j) = 3*j**2 + 8*j - 36. Give r(3).
15
Let d(l) = -l**3 - 22*l**2 - 32*l - 221. What is d(-21)?
10
Let w(k) = 3*k**3 + 3*k**2 - 99*k + 4. Determine w(0).
4
Let i(o) = -122*o**2 + 39*o + 80. Calculate i(-2).
-486
Let y(l) = -l**3 + 13*l**2 + 35*l - 24. Calculate y(16).
-232
Let r(j) = j**2 - 9*j - 49. Calculate r(7).
-63
Let u(i) = -8*i + 6. What is u(5)?
-34
Let x(h) = h**3 - 9*h**2 + 22*h - 14. What is x(9)?
184
Let t(v) = -20*v + 24. Calculate t(10).
-176
Let x(k) = 70*k**2 - 306*k + 105. Give x(4).
1
Let v(t) = -68*t + 945. Calculate v(14).
-7
Let s(g) = -147*g + 584. What is s(4)?
-4
Let a(x) = -2*x**3 - 5*x**2 - 14*x + 29. Determine a(-7).
568
Let t(s) = 8*s**3 + 1250*s**2 + 308*s - 628. What is t(-156)?
-4
Let b(n) = 1314*n + 93295. Give b(-71).
1
Let n(u) = 4*u**2 + 16*u - 75. Determine n(-7).
9
Let w(b) = -b**2 + 17*b - 114. What is w(7)?
-44
Let k(x) = -3*x**3 - 11*x**2 + 11*x + 36. Determine k(-4).
8
Let t(j) = -6*j**2 - 482*j + 335. What is t(-81)?
11
Let d(t) = -72*t - 5655. Give d(-79).
33
Let p(o) = 149*o + 1558. Calculate p(-11).
-81
Let z(o) = 92*o + 5088. Calculate z(-55).
28
Let w(f) = -60*f - 885. Calculate w(-14).
-45
Let p(i) = 51*i + 407. Determine p(-8).
-1
Let v(x) = 15*x**2 + 81*x - 61. Calculate v(-6).
-7
Let j(u) = -64*u + 647. What is j(0)?
647
Let o(b) = -b**3 - 33*b**2 + 76*b + 226. Calculate o(-35).
16
Let g(b) = 5*b + 310. Give g(35).
485
Let i(y) = -62*y - 178. Determine i(-1).
-116
Let k(w) = 2*w**3 - 48*w**2 - 105*w + 18. Calculate k(26).
-8
Let b(a) = 2*a**2 + 490*a - 4074. Determine b(8).
-26
Let z(u) = 563*u + 7222. What is z(-13)?
-97
Let x(f) = -f**3 - 30*f**2 - 59*f - 64. Calculate x(-28).
20
Let u(k) = k**2 + 14*k + 40. What is u(-6)?
-8
Let o(x) = -23*x**3 - 391*x**2 + x + 105. What is o(-17)?
88
Let t(q) = -59*q**3 + 2*q**2 + 26*q - 28. Give t(1).
-59
Let s(d) = -238*d**2 + 948*d + 22. What is s(4)?
6
Let h(m) = 2*m**3 + 50*m**2 + 3*m + 65. Determine h(-25).
-10
Let v(w) = w**2 - 70*w - 80. Give v(71).
-9
Let r(w) = w**2 - 7*w - 74. Give r(0).
-74
Let v(r) = -13*r**2 - 43*r - 100. Give v(-3).
-88
Let f(o) = 194*o - 1147. What is f(5)?
-177
Let m(f) = -3502*f - 14025. What is m(-4)?
-17
Let k(h) = -h**3 + 29*h**2 + 2*h + 835. Give k(30).
-5
Let i(v) = -51*v - 9. What is i(3)?
-162
Let s(n) = n**3 + 41*n**2 - 189*n + 62. What is s(-45)?
467
Let h(r) = -r**2 + 4*r + 348. Give h(-17).
-9
Let t(h) = -h**3 + h**2 + 76*h - 148. Calculate t(8).
12
Let a(r) = r**3 + 12*r**2 + 15*r + 96. What is a(-12)?
-84
Let h(g) = 708*g - 17693. What is h(25)?
7
Let o(l) = -62*l - 26. Give o(-2).
98
Let t(l) = 28512*l + 114045. Calculate t(-4).
-3
Let k(r) = r**3 + 33*r**2 + 40*r + 1366. What is k(-33)?
46
Let t(k) = -k**3 + 4*k**2 - 2*k + 22. What is t(5)?
-13
Let i(w) = -5*w**3 - 13*w**2 - 27*w + 104. What is i(5)?
-981
Let v(q) = -3*q**2 - 258*q + 258. What is v(-87)?
-3
Let x(n) = -n**3 - 34*n**2 + 28. What is x(-34)?
28
Let n(t) = 3*t**2 - 126*t + 247. Give n(2).
7
Let k(a) = -3*a**2 - 33*a - 61. Determine k(-6).
29
Let w(o) = -11*o**2 + 58*o + 48. Determine w(-1).
-21
Let a(b) = -2*b**3 + 71*b**2 + 23*b - 2030. What is a(35)?
0
Let n(p) = -14*p**3 + 109*p**2 + 22*p + 17. Calculate n(8).
1
Let j(k) = k**3 + 38*k**2 + 323*k - 763. Determine j(-19).
-41
Let i(y) = 3*y**3 - 28*y**2 + 49*y - 6. Determine i(2).
4
Let x(f) = -8*f - 531. Calculate x(-60).
-51
Let y(k) = -21*k + 28. Calculate y(-11).
259
Let z(y) = y**3 - 4*y**2 + 87*y - 608. Give z(6).
-14
Let f(l) = l**3 + 13*l**2 + l - 21. Determine f(-10).
269
Let g(d) = 2*d**3 + 38*d**2 + 24*d - 246. Calculate g(-18).
-30
Let c(s) = 6*s**2 - 277*s - 1159. Calculate c(50).
-9
Let i(t) = -3497*t + 139882. Calculate i(40).
2
Let m(y) = 13*y - 99. Determine m(13).
70
Let b(x) = -14*x**2 + 313*x - 105. Give b(22).
5
Let t(s) = -21*s**2 - 145*s - 22. What is t(-6)?
92
Let b(k) = -112*k - 2. What is b(-1)?
110
Let i(z) = -8*z - 196. Calculate i(-4).
-164
Let n(f) = 333*f**2 + 6*f + 6. Calculate n(-1).
333
Let z(q) = q**2 - 27*q + 114. Calculate z(15).
-66
Let i(h) = -20*h + 136. What is i(14)?
-144
Let c(f) = -70*f + 5394. What is c(77)?
4
Let q(o) = -o**3 - 4*o**2 + 98*o + 504. Give q(-5).
39
Let t(l) = 2*l**3 + 16*l**2 + 14*l - 5. Calculate t(-2).
15
Let y(t) = -9*t - 413. Give y(-51).
46
Let g(l) = 46*l + 373. Calculate g(-6).
97
Let w(v) = 110*v - 11989. Determine w(109).
1
Let o(x) = -19*x**3 - 7*x**2 + x + 5. Give o(1).
-20
Let t(l) = 2*l**2 - 192*l + 1905. Give t(86).
185
Let z(q) = 66*q + 632. What is z(-7)?
170
Let f(i) = 2*i**3 + 25*i**2 - i + 160. What is f(-13)?
4
Let o(k) = -k**3 + 37*k**2 - 315*k + 69. What is o(24)?
-3
Let g(a) = 2*a**2 - 42*a - 23. Calculate g(23).
69
Let l(p) = 3*p**2 - 201*p - 651. Calculate l(70).
-21
Let z(f) = -f**3 - 120*f**2 + 370*f - 10. Calculate z(3).
-7
Let u(g) = -21*g**2 + 100*g + 426. Calculate u(-4).
-310
Let t(h) = -110*h + 51. Determine t(-4).
491
Let y(k) = -2*k**2 - 4*k - 36. Calculate y(-10).
-196
Let b(q) = q**3 - 34*q**2 - 82*q - 11. Calculate b(36).
-371
Let y(i) = -39*i**2 + 5692*i + 307. Determine y(146).
15
Let c(z) = 8*z - 485. What is c(37)?
-189
Let k(f) = 314*f + 9384. Determine k(-30).
-36
Let u(o) = -257*o + 159. Calculate u(2).
-355
Le